{"id":7,"date":"2020-04-12T22:55:59","date_gmt":"2020-04-12T20:55:59","guid":{"rendered":"http:\/\/demo2.hoblike.fr\/index.php\/panier\/"},"modified":"2022-08-21T08:38:38","modified_gmt":"2022-08-21T06:38:38","slug":"panier","status":"publish","type":"page","link":"https:\/\/gersmarlenedidier.fr\/index.php\/panier\/","title":{"rendered":"Panier"},"content":{"rendered":"\n<p style=\"font-size:25px\"><mark style=\"background-color:rgba(0, 0, 0, 0)\" class=\"has-inline-color has-vivid-red-color\">Les commandes sont \u00e0 effectuer <strong>avant mercredi 23h<\/strong>45 au plus tard.<strong> Merci<\/strong><\/mark><\/p>\n\n\n\n<p class=\"has-text-color\" style=\"color:#aa57aa\"><strong>Les commandes pass\u00e9es ult\u00e9rieurement ne seront pas trait\u00e9es.<\/strong><\/p>\n\n\n\n","protected":false},"excerpt":{"rendered":"<p>Les commandes sont \u00e0 effectuer avant mercredi 23h45 au plus tard. Merci Les commandes pass\u00e9es ult\u00e9rieurement ne seront pas trait\u00e9es.<\/p>\n","protected":false},"author":1,"featured_media":0,"parent":0,"menu_order":0,"comment_status":"closed","ping_status":"closed","template":"","meta":{"footnotes":""},"class_list":["post-7","page","type-page","status-publish","hentry"],"jetpack_sharing_enabled":true,"_links":{"self":[{"href":"https:\/\/gersmarlenedidier.fr\/index.php\/wp-json\/wp\/v2\/pages\/7","targetHints":{"allow":["GET"]}}],"collection":[{"href":"https:\/\/gersmarlenedidier.fr\/index.php\/wp-json\/wp\/v2\/pages"}],"about":[{"href":"https:\/\/gersmarlenedidier.fr\/index.php\/wp-json\/wp\/v2\/types\/page"}],"author":[{"embeddable":true,"href":"https:\/\/gersmarlenedidier.fr\/index.php\/wp-json\/wp\/v2\/users\/1"}],"replies":[{"embeddable":true,"href":"https:\/\/gersmarlenedidier.fr\/index.php\/wp-json\/wp\/v2\/comments?post=7"}],"version-history":[{"count":5,"href":"https:\/\/gersmarlenedidier.fr\/index.php\/wp-json\/wp\/v2\/pages\/7\/revisions"}],"predecessor-version":[{"id":4695,"href":"https:\/\/gersmarlenedidier.fr\/index.php\/wp-json\/wp\/v2\/pages\/7\/revisions\/4695"}],"wp:attachment":[{"href":"https:\/\/gersmarlenedidier.fr\/index.php\/wp-json\/wp\/v2\/media?parent=7"}],"curies":[{"name":"wp","href":"https:\/\/api.w.org\/{rel}","templated":true}]}}